{"id":21,"date":"2025-01-18T18:05:32","date_gmt":"2025-01-18T17:05:32","guid":{"rendered":"https:\/\/decorationexpress.fr\/?page_id=21"},"modified":"2025-03-02T21:24:10","modified_gmt":"2025-03-02T20:24:10","slug":"accueil","status":"publish","type":"page","link":"https:\/\/decorationexpress.fr\/","title":{"rendered":"Accueil"},"content":{"rendered":"\n<p class=\"has-large-font-size\"><strong>Mettez toutes les bonnes \u00e9nergies de votre c\u00f4t\u00e9 pour vendre votre bien au meilleur prix.<\/strong><\/p>\n\n\n\n<p class=\"has-text-align-center has-medium-font-size\">Vous \u00eates propri\u00e9taire et souhaitez vendre rapidement et efficacement ? <br><br>Nous sommes l\u00e0 pour vous accompagner. <br><br>Gr\u00e2ce \u00e0 nos services de mise en valeur immobili\u00e8re et de gestion personnalis\u00e9e, nous sublimons votre bien pour s\u00e9duire les acheteurs et maximiser son potentiel de vente.<\/p>\n\n\n\n<p><\/p>\n\n\n\n<p class=\"has-text-align-center has-medium-font-size\"><br>Interventions dans l&#8217;Ain <br>Secteurs : Meximieux &#8211; Lagnieu &#8211; Loyettes &#8211; Montluel &#8211; Amb\u00e9rieu &#8211; Plaine de l&#8217;Ain<\/p>\n\n\n\n<p><\/p>\n","protected":false},"excerpt":{"rendered":"<p>Mettez toutes les bonnes \u00e9nergies de votre c\u00f4t\u00e9 pour vendre votre bien au meilleur prix. Vous \u00eates propri\u00e9taire et souhaitez vendre rapidement et efficacement ? Nous sommes l\u00e0 pour vous accompagner. Gr\u00e2ce \u00e0 nos services de mise en valeur immobili\u00e8re et de gestion personnalis\u00e9e, nous sublimons votre bien pour s\u00e9duire les acheteurs et maximiser son &hellip; <\/p>\n<p class=\"link-more\"><a href=\"https:\/\/decorationexpress.fr\/\" class=\"more-link\">Continue reading<span class=\"screen-reader-text\"> &#8220;Accueil&#8221;<\/span><\/a><\/p>\n","protected":false},"author":2,"featured_media":0,"parent":0,"menu_order":0,"comment_status":"closed","ping_status":"closed","template":"","meta":{"footnotes":""},"class_list":["post-21","page","type-page","status-publish","hentry"],"_links":{"self":[{"href":"https:\/\/decorationexpress.fr\/index.php\/wp-json\/wp\/v2\/pages\/21","targetHints":{"allow":["GET"]}}],"collection":[{"href":"https:\/\/decorationexpress.fr\/index.php\/wp-json\/wp\/v2\/pages"}],"about":[{"href":"https:\/\/decorationexpress.fr\/index.php\/wp-json\/wp\/v2\/types\/page"}],"author":[{"embeddable":true,"href":"https:\/\/decorationexpress.fr\/index.php\/wp-json\/wp\/v2\/users\/2"}],"replies":[{"embeddable":true,"href":"https:\/\/decorationexpress.fr\/index.php\/wp-json\/wp\/v2\/comments?post=21"}],"version-history":[{"count":7,"href":"https:\/\/decorationexpress.fr\/index.php\/wp-json\/wp\/v2\/pages\/21\/revisions"}],"predecessor-version":[{"id":195,"href":"https:\/\/decorationexpress.fr\/index.php\/wp-json\/wp\/v2\/pages\/21\/revisions\/195"}],"wp:attachment":[{"href":"https:\/\/decorationexpress.fr\/index.php\/wp-json\/wp\/v2\/media?parent=21"}],"curies":[{"name":"wp","href":"https:\/\/api.w.org\/{rel}","templated":true}]}}